
Does 59 divide 235907224?
False
Is 2004 a factor of 132352176?
True
Is 117 a factor of 31780236?
False
Is 116 a factor of 57933764?
True
Is 146 a factor of 36212313?
False
Is 89 a factor of 9916246?
False
Is 67 a factor of 67572850?
True
Is 41 a factor of 97071149?
True
Does 27 divide 9123651?
True
Does 9 divide 828776?
False
Does 5 divide 359426377?
False
Does 316 divide 74769076?
True
Is 274 a factor of 466470478?
True
Is 34131250 a multiple of 430?
True
Is 1692970990 a multiple of 8?
False
Does 20 divide 52028160?
True
Is 51597470 a multiple of 29?
False
Is 15645893 a multiple of 41?
False
Does 90 divide 454308750?
True
Is 681754088 a multiple of 4?
True
Is 120 a factor of 83290963?
False
Is 2109366338 a multiple of 16?
False
Is 1626845 a multiple of 61?
False
Does 118 divide 69538180?
False
Is 170 a factor of 187371032?
False
Does 24 divide 35544746?
False
Does 3 divide 156946788?
True
Is 9148595 a multiple of 1372?
False
Does 5 divide 255743600?
True
Is 423277861 a multiple of 223?
True
Is 386928005 a multiple of 29?
True
Is 34003392 a multiple of 5?
False
Does 22 divide 1602472960?
True
Does 456 divide 29556356?
False
Does 6 divide 164146974?
True
Does 99 divide 41925255?
False
Is 6991297600 a multiple of 476?
True
Is 211 a factor of 93327237?
False
Is 26983397 a multiple of 109?
False
Is 665130840 a multiple of 3337?
True
Is 861256525 a multiple of 34?
False
Is 9 a factor of 1764888?
False
Is 1262 a factor of 185137278?
False
Does 660 divide 88296979?
False
Is 2424193498 a multiple of 883?
True
Is 15 a factor of 28458590?
False
Is 112135300 a multiple of 1176?
False
Does 360 divide 11563879?
False
Is 106 a factor of 157144894?
True
Does 38 divide 148735618?
False
Is 258175644 a multiple of 1301?
True
Is 68408741 a multiple of 541?
False
Is 1006663715 a multiple of 47?
False
Does 18 divide 9621720?
True
Does 3 divide 21966786?
True
Does 155 divide 16738760?
True
Is 15189313 even?
False
Is 2858 a factor of 32412578?
True
Is 26 a factor of 1953125174?
True
Is 3086 a factor of 778261426?
True
Is 29 a factor of 1150654?
False
Does 27 divide 17077987?
False
Is 134011582 a multiple of 63?
False
Is 310 a factor of 562701460?
True
Is 1054 a factor of 63440058?
False
Does 10 divide 85629660?
True
Does 13 divide 306444151?
True
Does 33 divide 24294791?
False
Does 130 divide 11141816?
False
Is 198167026 a multiple of 2072?
False
Is 45 a factor of 25495380?
True
Is 53737449 a multiple of 24?
False
Is 1934 a factor of 111417740?
True
Is 99 a factor of 2008809?
True
Is 2419891645 a multiple of 573?
False
Is 50726988 a multiple of 78?
True
Does 30 divide 80647877?
False
Does 72 divide 612637488?
True
Is 407 a factor of 3059969112?
False
Is 1839969955 a multiple of 6?
False
Is 1651888 a multiple of 344?
True
Is 13 a factor of 62107187?
False
Is 117792902 a multiple of 3359?
False
Is 188 a factor of 1463356?
False
Is 317943130 a multiple of 109?
False
Does 1282 divide 426540916?
False
Is 72234587 a multiple of 17?
False
Is 2693 a factor of 239862817?
True
Is 38 a factor of 12249990?
False
Does 128 divide 55283317?
False
Is 56885712 a multiple of 78?
True
Is 17510370 a multiple of 363?
False
Is 25415280 a multiple of 176?
True
Is 126 a factor of 216677817?
False
Does 215 divide 35390188?
False
Does 39 divide 15044641?
False
Does 253 divide 300634081?
True
Does 29 divide 1526266926?
True
Is 16391098 a multiple of 106?
True
Is 11 a factor of 49333207?
True
Is 352514518 a multiple of 541?
True
Is 151 a factor of 148105632?
True
Is 877924 even?
True
Is 142384230 a multiple of 45?
True
Does 17 divide 437684748?
False
Does 78 divide 263760900?
True
Does 378 divide 728295624?
True
Is 112 a factor of 1209368496?
True
Is 7725931 a multiple of 489?
False
Is 11669332 a multiple of 8?
False
Is 572 a factor of 160514640?
True
Does 53 divide 25791708?
True
Is 125315500 a multiple of 125?
True
Does 34 divide 653058774?
True
Is 120087900 a multiple of 450?
True
Is 27 a factor of 702350763?
False
Does 3 divide 65617833?
True
Is 31478051 a multiple of 1797?
False
Does 1463 divide 21223414?
False
Does 18 divide 2700309?
False
Does 401 divide 1377318571?
False
Is 16 a factor of 35554832?
True
Does 205 divide 268154350?
True
Does 6 divide 260735935?
False
Does 477 divide 102519702?
True
Is 1597 a factor of 66006739?
False
Is 85 a factor of 11273295?
True
Is 628 a factor of 1400837524?
True
Is 14058225 a multiple of 15?
True
Is 372 a factor of 2800800276?
True
Does 53 divide 31015600?
True
Is 196 a factor of 102998472?
False
Is 33 a factor of 646549860?
True
Is 9 a factor of 30078818?
False
Is 109877089 a multiple of 59?
False
Does 324 divide 561789108?
True
Is 612733715 a multiple of 11?
True
Is 22049290 a multiple of 2074?
False
Is 14 a factor of 323183827?
False
Is 340 a factor of 1050634?
False
Does 4126 divide 657260492?
False
Is 64 a factor of 2012253568?
True
Is 174 a factor of 1245430926?
True
Does 299 divide 1548394822?
True
Is 28159989 a multiple of 9?
False
Does 610 divide 475790794?
False
Does 365 divide 818113920?
True
Is 15018296 a multiple of 1793?
False
Is 229590998 a multiple of 39?
False
Is 1203721028 a multiple of 6?
False
Is 18 a factor of 24359598?
True
Is 931004932 a multiple of 11?
True
Does 561 divide 264237732?
True
Does 9 divide 19686258?
True
Is 2443077 a multiple of 117?
True
Is 31 a factor of 10446422?
False
Is 110099655 a multiple of 1699?
False
Does 27 divide 73796034?
False
Is 40125189 a multiple of 52?
False
Is 18 a factor of 448075206?
True
Is 689766126 a multiple of 3?
True
Is 415759960 a multiple of 460?
True
Does 156 divide 17321616?
True
Does 81 divide 40083822?
True
Is 1163 a factor of 263559060?
True
Is 37 a factor of 9727833?
False
Is 119159086 a multiple of 58?
True
Does 1529 divide 267922083?
True
Is 630 a factor of 639869130?
False
Is 36815646 a multiple of 24?
False
Is 120407224 a multiple of 344?
True
Is 32644110 a multiple of 2?
True
Does 53 divide 415067439?
False
Does 436 divide 157712100?
True
Is 13744295 a multiple of 260?
False
Does 2114 divide 427171752?
True
Does 687 divide 512050245?
False
Is 11 a factor of 1501951330?
True
Is 5525111 a multiple of 515?
False
Is 1760149 a multiple of 14?
False
Is 291 a factor of 4127253?
True
Does 759 divide 308921539?
False
Does 1610 divide 88849460?
True
Does 2098 divide 759499078?
True
Is 25 a factor of 78942801?
False
Is 30 a factor of 211522980?
True
Is 37815309 a multiple of 283?
True
Does 1741 divide 235471991?
True
Does 569 divide 32788719?
False
Does 66 divide 33367026?
True
Is 126296604 a multiple of 21?
True
Does 26 divide 44589220?
True
Is 358493883 a multiple of 11?
True
Is 141138038 a multiple of 223?
True
Is 22 a factor of 123013929?
False
Is 13921189 a multiple of 2?
False
Is 5 a factor of 139236331?
False
Is 16 a factor of 1006046910?
False
Is 31006035 a multiple of 9?
True
Does 2321 divide 26259794?
True
Does 1288 divide 45905608?
True
Is 129973011 a multiple of 8?
False
Does 6 divide 350737607?
False
Is 312 a factor of 2543271539?
False
Is 203 a factor of 38444690?
False
Is 15 a factor of 186808896?
False
Is 7 a factor of 73525872?
True
Is 76758171 a multiple of 2?
False
Does 591 divide 136624775?
False
Is 21 a factor of 81544911?
True
Is 584824300 a multiple of 1125?
False
Is 5191635273 a multiple of 14398?
False
Is 118888635 a multiple of 2?
False
Is 116728872 a multiple of 312?
True
Is 96 a factor of 43015968?
True
Does 28 divide 236247452?
True
Does 652 divide 364725540?
True
Does 4492 divide 2029031908?
True
Is 54 a factor of 38565728?
False
Is 21 a factor of 301315623?
True
Does 306 divide 4424919732?
True
Is 1230007 a multiple of 119?
False
Is 25 a factor of 650536178?
False
Is 107 a factor of 546018736?
False
Does 271 divide 286613936?
True
Is 54005900 a multiple of 65?
True
Is 166117793 a multiple of 9100?
False
Is 46 a factor of 72356661?
False
Does 654 divide 46763184?
False
Does 14 divide 90053740?
True
Is 234296740 a multiple of 4?
True
Does 18 divide 1106461689?
False
Does 69 divide 128282523?
True
Does 1279 divide 992268664?
True
Does 163 divide 67141004?
True
Does 176 divide 50108193?
False
Is 119883112 a multiple of 29?
False
Does 798 divide 67608156?
True
Does 807 divide 111788061?
True
Is 33 a factor of 120982983?
True
Does 1392 divide 772482134?